
True
Suppose 0*h = 2*r - h - 8, -2 = r + h. Is (14/(-1))/r*-29 a prime number?
False
Suppose 0 = 3*z - 5*n - 312, 12*z - 416 = 8*z - n. Suppose -z*l = -107*l + 417. Is l a prime number?
True
Let j = -10 - -5. Let n = -5 - j. Suppose n*v = -v + 127. Is v a composite number?
False
Let c(k) = -k + 1. Let b be c(-2). Suppose -o + b*o = 0. Suppose o = -t - 4*q + 42 + 5, -8 = 4*q. Is t a prime number?
False
Let p(s) = 16*s - 261. Is p(26) prime?
False
Suppose -28 = -5*q - 73. Let j be ((-8)/12)/((-3)/q). Is 294 + (-1)/(3 + j) prime?
True
Is -1 - 4 - (-1 - -10 - 3217) composite?
False
Let i = 2474 + -1365. Let p = 1560 - i. Is p composite?
True
Suppose -2*l = 2*l - 4. Let u(q) be the first derivative of 34*q**2 - q + 1. Is u(l) prime?
True
Let m be 0 + (-1 - -2) + -6. Let b = m + 4. Is b/(-2)*-2*-191 prime?
True
Is (-6)/(-42) - (-117135)/21 prime?
False
Let w(t) = 1360*t - 3. Let n be w(1). Let h = 2998 - n. Is h prime?
False
Let j(m) = 86*m + 11. Is j(43) a composite number?
False
Is ((-95)/(-15) + -7)/(6/(-38601)) composite?
False
Let c be (-1 - 2 - 1) + 176. Suppose -2*x = 4*m - 342, 2*m + 3*x = x + c. Is m a composite number?
True
Let f(o) = 10*o + 1561. Suppose h = 7*h. Is f(h) composite?
True
Let w(i) = -i**3 - 10*i + 39. Is w(-14) prime?
False
Is 26792 + (11 - 9 - -3) prime?
False
Let v(t) = -510*t + 98. Is v(-30) a prime number?
False
Let j(u) = u**2 - 18*u + 5. Let o be j(18). Suppose 4*y - 109 - 109 = 5*a, -2*y = o*a - 124. Is y a prime number?
False
Suppose 2*k - 823 - 135 = 0. Let j be 7/2*(-6)/(-7). Suppose 3*f = -2*m + 312, -f - k = -j*m - 0*m. Is m prime?
False
Suppose -2*k = 3*s - 17987, 0 = -2*s + 6*s + 4*k - 23988. Is s a composite number?
True
Let c(b) = b**3 - 4*b**2 - 24*b + 24. Let x be c(20). Let z = x - 3155. Is z a prime number?
True
Suppose -2*r = 4*p - 12024, -2*p = 42*r - 44*r - 6018. Is p composite?
True
Let o(x) = 9*x**2 - 3*x + 1. Let r be o(5). Let k = 0 + r. Is k a prime number?
True
Suppose -z + 1123 = 2*a + 2*z, 5*a - 4*z = 2865. Is a/6 - 4/(-24) a composite number?
True
Let f(v) = 3*v**3 + 9*v**2 + 9*v + 7. Let a(m) = 4*m**3 + 9*m**2 + 9*m + 8. Let j(h) = 2*a(h) - 3*f(h). Suppose 5*t + 0*t + 50 = 0. Is j(t) a composite number?
True
Let l(h) = 97 + 94 - 470*h - 188. Is l(-1) prime?
False
Let m be -18*(15/5)/(-9). Let b = 14 - 14. Suppose -x + m*x - 4835 = b. Is x composite?
False
Suppose 32*n = 37*n + 75. Let v be (-5312)/n - 8/60. Suppose 3*q - 5*q + v = 0. Is q a prime number?
False
Let g(s) be the second derivative of s**4/12 - s**3/6 - 5*s**2/2 + 10*s. Let f be g(7). Suppose 4*p = 2*x - 0*p - 56, -x + 5*p = -f. Is x a prime number?
False
Let i be -3 + 2 + 2 - 2. Let d = 1 - i. Suppose -1 = -5*n - 11, 2*n = d*l - 198. Is l a composite number?
False
Let m(f) = 559*f**2 + 7*f + 25. Is m(3) composite?
False
Let m be 1/2 - (-153)/18. Let s(w) = -w**3 + 5*w**2 + 9*w - 2. Let t be s(m). Let v = t - -384. Is v prime?
True
Let a(z) = -17*z - 20. Let w(j) = -35*j - 6 - 13 + 18*j. Let k(l) = 2*a(l) - 3*w(l). Is k(10) a prime number?
False
Let a = 251 + -510. Let h = 324 - a. Suppose 4*u + 0*u - 2*q - 582 = 0, -4*u = -3*q - h. Is u a composite number?
True
Let r be 8 - ((0 - -1) + (-16)/(-8)). Suppose -520 = -5*h + 5*v, 5*h - 530 = -0*h + 3*v. Suppose -r*b + h = -276. Is b prime?
False
Suppose -5*p - 6 = -1. Is (118/2)/(0 - p) a prime number?
True
Suppose 4*f - 5*f = 2*u - 14, -4*f = 8. Suppose -u*s + g + 66 = -6*s, -2*s = -3*g - 74. Is s a prime number?
True
Suppose -3 = 5*p - 8. Is (5 - 5) + 1695 + -2*p prime?
True
Let i be (-1 - -1)*(0 + (-2)/(-6)). Suppose i = -12*a + 2335 - 547. Is a prime?
True
Let t be 708/27 + (-2)/9. Suppose -4*q + 4 = v, 2*v + 52 = -2*q + 6*q. Let u = t + v. Is u composite?
True
Suppose 2077 = -5*m + 12397. Suppose 7*i - m - 1793 = 0. Is i a composite number?
True
Let s(o) = -o**2 + 11*o + 5. Suppose -i - 11 = -2*i. Let a be s(i). Suppose -268 = -4*u + a*m, 3*u - 92 = m + 109. Is u a prime number?
True
Suppose -4*z + 28 = 12, -p + 4013 = 4*z. Is p prime?
False
Suppose -c - l = -3065, 5*c - 15317 = -15*l + 12*l. Is c a prime number?
True
Let b(p) = 116*p + 13. Let i(r) = -58*r - 7. Let v(u) = 6*b(u) + 13*i(u). Is v(-3) composite?
True
Let d(o) = 128*o + 2. Let f be d(1). Is (f - -1)/(-8 + 9) a prime number?
True
Suppose -6*g = -3*g + 318. Let b = 181 + g. Suppose 3*n + b = 6*n. Is n a composite number?
True
Suppose 78*c - 234102 = 12*c. Is c prime?
True
Is (-5 - 28881/(-3)) + -9 prime?
True
Suppose -3*s + 22 = 2*w, 0 = -5*s + 5*w - w. Suppose -z - s*z = 10365. Let l = 3134 + z. Is l prime?
True
Let d(y) = 9*y**2 + 8*y - 12. Suppose -6*l + l = -15. Suppose -14 = -3*f - 2, -l*c + 4*f = 37. Is d(c) composite?
False
Let r(s) = s**3 - 4*s**2 - 4*s - 5. Let w be r(5). Suppose -6*d + d = w. Suppose -g + 5*g - 1484 = d. Is g prime?
False
Let p(t) = -4 + t**2 + 2*t - 1 - 2 + 4. Let y be p(-3). Suppose 2*q + 4*i = -q + 257, -2*i + 10 = y. Is q prime?
True
Let q be (-4)/(-10) + 24/15. Let w be q/6 - 2996/(-3). Suppose 2*c + 3*c = -b + w, 4*b = 16. Is c a prime number?
True
Let l = -12530 - -29415. Suppose 0 = -2*j, j + l = 5*k - 2*j. Is k a composite number?
True
Let a(g) be the second derivative of 59*g**3/3 + 33*g**2/2 - 14*g. Is a(4) prime?
False
Let f = 54 + -49. Suppose -777 = f*d - 8*d. Is d a prime number?
False
Suppose -8 - 6 = -2*v. Suppose v*n - 2*n = -70. Is 7/n + 222/4 prime?
False
Let p = -1801 - -657. Let w = 2435 + p. Is w a prime number?
True
Suppose 3*d - 2*o = 7*d - 48428, 2*o - 24216 = -2*d. Let c = -8323 + d. Suppose 198 = -5*m + c. Is m a prime number?
False
Is -7 + 10/(-15)*-14412 a composite number?
False
Let m(c) = 2387*c**2 - 71*c - 11. Is m(5) a composite number?
True
Let c = 5046 - 2851. Is c composite?
True
Let x = -6 - -10. Suppose 0 = 11*j - x*j - 231. Let g = j - -46. Is g composite?
False
Let w(b) = 3*b + 5. Let j be w(4). Suppose 8 = -5*f - j. Is 3/(((-10)/34)/f) composite?
True
Suppose 16*t = 12*t - 20. Let r(h) = 2 - 3 + h**3 - 2*h**2 - 3*h**3. Is r(t) composite?
False
Let q(k) = 24114*k - 125. Is q(2) composite?
True
Suppose -8*n + 18441 = -295. Is n composite?
True
Let v = -9009 - -86144. Is v a composite number?
True
Suppose -61 = 5*n - 3*t, -4*n + 5*t = -2*n + 13. Is (-6)/n + (-6568)/(-28) a prime number?
False
Suppose 0 = 2*t - 58 + 24. Suppose -3*y + t = 2*q + 5, -24 = -4*q + 4*y. Is ((-213)/q)/((-1)/2) composite?
False
Suppose 4*j + 3 = -1. Let u = 5 - j. Is ((-4)/u)/(10/(-6765)) a prime number?
False
Suppose 0 = -3*o - 2*j + 9632 + 9135, -2*o - 4*j = -12506. Is o a composite number?
False
Suppose -5*w + 98517 = 4*g, 4*g + 2*w - 4*w - 98482 = 0. Is g a composite number?
False
Suppose -3*j + 2349 = 399. Let w be (j/1)/(17 - 16). Let l = -433 + w. Is l a prime number?
False
Is (-7536)/(-21) - 9/(-63) a composite number?
False
Suppose -3*a + 6*a = 6. Suppose i + 55 + 22 = r, 0 = -a*r - 5*i + 140. Suppose 2*n = r + 79. Is n a prime number?
False
Let r = 23 - 15. Suppose d = -d + r. Suppose -d*x = -x - 27. Is x a composite number?
True
Suppose i + 4*i - 25 = -2*h, -5*h - 15 = -3*i. Suppose -5*u + u = h. Suppose 2*b - 515 - 157 = -2*l, u = -4*l + b + 1319. Is l a composite number?
False
Suppose 32*u = 30*u - 5*n + 17482, 3*u - 26223 = 4*n. Is u a composite number?
False
Suppose 3*y = -2*g + 180 + 5378, 5554 = 3*y + 4*g. Suppose 0*b - 3694 = -4*b - o, -4*o = 2*b - y. Is b prime?
False
Suppose 3*i + 2*w - 63 = 471, -695 = -4*i + 3*w. Let j be (-38)/(-6)*-3*1. Let z = j + i. Is z a composite number?
False
Suppose 0 = 2*c + 4*o - 15810, -3*o = 3*c - c - 15808. Is c a prime number?
True
Let w = 8679 - 3592. Is w composite?
False
Suppose -2*c - 4*q + 0*q = -32, 0 = 2*c - 4*q - 16. Let t = 14 - c. Is (-2)/t - 49/(-7) a prime number?
False
Let x(k) = -4*k + 5*k - 5*k**3 + 2*k**2 + 0*k. Let q be x(-1). Suppose q*p - p = -3*y + 759, 2*p = 2*y - 506. Is y a prime number?
False
Let q(h) = 2*h. Let u be q(-4). Is -87*24/u*(-1)/(-3) prime?
False
Is -6*10/((-30)/1163) composite?
True
Suppose 0*o = 3*o - 15. Suppose 4*p + 5*n = 1182, -4*p + 1440 = -o*n + 238. Let d = p + 121. Is d a prime number?
True
Let m = -6855 - -11708. Is m a composite number?
True
Suppose -4*t + 2*r + 11940 = 0, -3*r - r - 11948 = -4*t. Is t a composite number?
True
Suppose -3*r = -12, -f - 2*r + 0*r = -14023.